at is 66 - 150a?
-1474
In base 8, what is 103507 - -4?
103513
In base 7, what is 26423 - 103?
26320
In base 8, what is 4 - 563247?
-563243
In base 15, what is -5 + -a017d?
-a0183
In base 16, what is -4f0 - -942?
452
In base 12, what is 35493 - 4?
3548b
In base 8, what is -15 - 6410?
-6425
In base 8, what is -2014554 + 3?
-2014551
In base 2, what is 11010101110000001100 - -101?
11010101110000010001
In base 6, what is 3 + -212021?
-212014
In base 12, what is 1 - 5a85b?
-5a85a
In base 16, what is 87 - -23?
aa
In base 2, what is 1 - 10100110011001110010?
-10100110011001110001
In base 5, what is 1431044 - -143?
1431242
In base 16, what is -524 - 7?
-52b
In base 4, what is -3 + -12211330?
-12211333
In base 16, what is 527 + -17c?
3ab
In base 10, what is 0 + 157256?
157256
In base 2, what is 11101011011100001 + 11010?
11101011011111011
In base 6, what is 542504 + -5?
542455
In base 3, what is -110 + -12010?
-12120
In base 14, what is -12 + -1d3?
-205
In base 16, what is -2f - -4de?
4af
In base 3, what is 10212002100 - 1?
10212002022
In base 11, what is 37 - 89a?
-863
In base 6, what is 5 - -255421?
255430
In base 5, what is 4421040 + -30?
4421010
In base 2, what is -110100010111011101100 - 0?
-110100010111011101100
In base 5, what is -322130 - -3?
-322122
In base 12, what is -147 + 4b?
-b8
In base 2, what is -1001010 - 1111010101?
-10000011111
In base 3, what is 10102022 + -1110010?
1222012
In base 6, what is -200 + -31012?
-31212
In base 4, what is -200 + 2133?
1333
In base 7, what is 16 - 12654?
-12635
In base 16, what is 41e6 + -5?
41e1
In base 4, what is 103300 + 320?
110220
In base 5, what is -4 - -23320404?
23320400
In base 5, what is -2 + -414011230?
-414011232
In base 2, what is 101110 + 11011110111?
11100100101
In base 10, what is 114 + 102?
216
In base 6, what is 13 - 1011?
-554
In base 10, what is 433657 + 3?
433660
In base 13, what is 1c400 + 7?
1c407
In base 3, what is 201200220 + 1112?
201202102
In base 7, what is -3 - -225441?
225435
In base 3, what is 11211010 + -101?
11210202
In base 3, what is 2 + -110212001121?
-110212001112
In base 8, what is -64 - -217?
133
In base 10, what is 31 + 39773?
39804
In base 3, what is 101220 + -2001101?
-1122111
In base 8, what is 347 + -120?
227
In base 2, what is -1001 + -1010101010?
-1010110011
In base 5, what is 4311210 + 20?
4311230
In base 11, what is -3 - 1052?
-1055
In base 10, what is 0 + -68204?
-68204
In base 6, what is -1334342 + -2?
-1334344
In base 7, what is 2424 - -156?
2613
In base 15, what is -ad6 + 6?
-ad0
In base 5, what is -3333 - 41130?
-100013
In base 12, what is -5 + -65719?
-65722
In base 4, what is 3233 - -1223?
11122
In base 11, what is 53 + -17894?
-17841
In base 3, what is -2001 - -12112121?
12110120
In base 16, what is 3 - 19c93?
-19c90
In base 6, what is 125 - -14135?
14304
In base 4, what is 1031032011 - 0?
1031032011
In base 5, what is 403333024 - 10?
403333014
In base 10, what is -1 - 220149?
-220150
In base 3, what is -1122 - -11001202?
11000010
In base 16, what is -7e4 - b7?
-89b
In base 3, what is 20011010 - -112?
20011122
In base 5, what is -10 + -133444113?
-133444123
In base 10, what is 18 - -243839?
243857
In base 7, what is -323566 + -5?
-323604
In base 8, what is 104 + 42131?
42235
In base 6, what is -35043212 + -1?
-35043213
In base 13, what is -1c75 + -16?
-1c8b
In base 16, what is 2 - 7b5?
-7b3
In base 10, what is 9 - 88?
-79
In base 16, what is 489b - 1c?
487f
In base 15, what is -792a - -3?
-7927
In base 7, what is -1622 - -65?
-1524
In base 11, what is 1 - -6315?
6316
In base 2, what is 0 - -1010010000010?
1010010000010
In base 15, what is -45086 - -5?
-45081
In base 13, what is a - 9c236?
-9c229
In base 7, what is 15026 + 2146?
20205
In base 9, what is 24 - -18007?
18032
In base 13, what is 3547 + 283?
37ca
In base 3, what is 1002 - -122001220?
122002222
In base 2, what is 11011010 + -10011110111101?
-10011011100011
In base 3, what is 11 + -10002021002?
-10002020221
In base 14, what is b8 + 490?
568
In base 5, what is 1 + 4113421?
4113422
In base 14, what is -8 - -3d1a?
3d12
In base 15, what is -2a72 + 5?
-2a6c
In base 8, what is -23346 + 2?
-23344
In base 2, what is 1 - -1010100110101110?
1010100110101111
In base 16, what is d2 - f6a?
-e98
In base 10, what is 162708 + 6?
162714
In base 12, what is -41201 + -8?
-41209
In base 4, what is 23212211 - 10?
23212201
In base 15, what is 2 - 5c9?
-5c7
In base 15, what is -4c8 - -748?
270
In base 15, what is 12 + -cb?
-b9
In base 13, what is -5 - 86951?
-86956
In base 7, what is -13222 - 56?
-13311
In base 2, what is 101011011000111011111 - -10?
101011011000111100001
In base 10, what is 675 - -8?
683
In base 4, what is 103012103 + 20?
103012123
In base 16, what is -ad - -2e48?
2d9b
In base 5, what is -212433 - 41?
-213024
In base 10, what is -14971 + -2?
-14973
In base 4, what is -110001131 + 23?
-110001102
In base 6, what is -33021 - 111?
-33132
In base 2, what is 1101010101110 - -11?
1101010110001
In base 15, what is 6e - 3d1?
-362
In base 5, what is -11211 - -304?
-10402
In base 7, what is 1535565 - -26?
1535624
In base 14, what is -4 - -115470?
11546a
In base 16, what is -5 + -5435d?
-54362
In base 10, what is 96050 - 8?
96042
In base 4, what is -20030 - -10020?
-10010
In base 12, what is 1240 + 5?
1245
In base 15, what is -a3 - -54?
-4e
In base 12, what is -13 + -190?
-1a3
In base 11, what is -444 + 12?
-432
In base 2, what is -1001110000110010101 + 1000?
-1001110000110001101
In base 7, what is 3 + -6610?
-6604
In base 12, what is 463871 - -5?
463876
In base 2, what is -1111011000000110111 + 1011?
-1111011000000101100
In base 16, what is -1d05 - 8?
-1d0d
In base 16, what is 1391 + 36?
13c7
In base 2, what is -10010100010010 - 1001?
-10010100011011
In base 13, what is -3 - -6134b?
61348
In base 10, what is -629802 + -1?
-629803
In base 8, what is 62705753 - -4?
62705757
In base 5, what is -10001 - -203?
-4243
In base 6, what is 315 + 14544?
15303
In base 11, what is 5087 - 0?
5087
In base 2, what is -10 - -1010100110110011?
1010100110110001
In base 10, what is 456 + -57?
399
In base 7, what is 6 + -6053?
-6044
In base 12, what is 187 + -220?
-55
In base 6, what is -51250 + 1210?
-50040
In base 10, what is -5 + 30501?
30496
In base 3, what is -2 - 200211221?
-200212000
In base 3, what is -20 - -210202?
210112
In base 7, what is -354665 + 63?
-354602
In base 7, what is -5 - -212212?
212204
In base 12, what is 179602 + -5?
1795b9
In base 7, what is -1564 - 163?
-2060
In base 16, what is -2e - 8691?
-86bf
In base 3, what is 21110121001 + 1?
21110121002
In base 10, what is -1190 - -4?
-1186
In base 9, what is 3 + -285358?
-285355
In base 6, what is 5 + 2513?
2522
In base 3, what is -1001 - -2212021?
2211020
In base 14, what is -57a24 - -3?
-57a21
In base 9, what is 3 + 127277?
127281
In base 6, what is 2054 + 51?
2145
In base 14, what is 97 - 5b84?
-5acb
In base 12, what is -6 - -35b0b?
35b05
In base 11, what is 15022a7 - -2?
15022a9
In base 12, what is -4b9 + 12?
-4a7
In base 3, what is 2022 - 2000221121?
-2000212022
In base 15, what is -269 + -c?
-276
In base 15, what is -4a - -8cb?
881
In base 6, what is -55 + 20202?
20103
In base 5, what is -1023 - 12044?
-13122
In base 10, what is 53 + -114?
-61
In base 8, what is 443062 - 0?
443062
In base 3, what is -11220221 + -200?
-11221121
In base 6, what is -1230 - -4315?
3045
In base 2, what is 110 + 100000010110000?
100000010110110
In base 14, what is -c3 + -168a?
-176d
In base 6, what is -2010 - 12?
-2022
In base 8, what is 2656 + -677?
1757
In base 8, what is -3035 + 1610?
-1225
In base 3, what is -20 + 210121101100?
210121101010
In base 4, what is -10030013 + 131?
-10023222
In base 12, what is -505 + -155?
-65a
In base 13, what is -8 + -7a08?
-7a13
In base 14, what is -2c - 385?
-3b3
In base 16, what is -2 + -b24e9?
-b24eb
In base 15, what is 2909a - -5?
290a0
In base 8, what is -3532012 + 5?
-3532005
In base 6, what is -1123455 - -3?
-1123452
In base 7, what is 42333343 + 0?
42333343
In base 4, what is -20 - 22022012?
-22022032
In base 2, what is 11 - -10011101010100?
10011101010111
In base 5, what is -12 + -4243104?
-4243121
In base 10, what is 0 - -9945?
9945
In base 2, what is -101 + -10100101011100101100?
-10100101011100110001
In base 4, what is 0 + 11